omposite?
False
Is 2826143987 a prime number?
True
Is 99191784305 a prime number?
False
Is 1656719063 prime?
True
Is 211189247 prime?
True
Is 1934642207 a composite number?
False
Is 3553307 prime?
True
Is 8245033262 prime?
False
Is 2505704189 a prime number?
True
Is 19339553117 composite?
False
Is 83643131827 a prime number?
True
Is 25161030821 a prime number?
True
Is 2940097709 composite?
True
Is 2253311677 composite?
True
Is 107615771 a composite number?
True
Is 2027991487 composite?
True
Is 15516740873 composite?
False
Is 21233460713 prime?
True
Is 13492496929 prime?
False
Is 2382089509 a prime number?
True
Is 68887165 a composite number?
True
Is 8416473707 prime?
True
Is 97225818221 a composite number?
True
Is 1527086083 prime?
True
Is 3497460443 a prime number?
True
Is 2506239173 prime?
False
Is 8528106341 a prime number?
True
Is 159387611681 a composite number?
False
Is 1506913559 composite?
True
Is 829697695 a prime number?
False
Is 1081146727 a prime number?
True
Is 16609066091 a composite number?
True
Is 3477599449 composite?
False
Is 3997586821 prime?
True
Is 193185529 a composite number?
True
Is 31101767 prime?
False
Is 313409227 a prime number?
True
Is 19327464059 composite?
False
Is 1184148755 composite?
True
Is 495709603 composite?
False
Is 26793153347 prime?
False
Is 1461115759 a prime number?
False
Is 37026244657 a composite number?
True
Is 12226019479 composite?
False
Is 1476129619 prime?
True
Is 205741891 a composite number?
False
Is 17735326679 composite?
True
Is 501367379 prime?
True
Is 11354505727 composite?
True
Is 1188482363 a prime number?
True
Is 1793845903 prime?
False
Is 30187518743 prime?
True
Is 105850091 a composite number?
False
Is 156312254071 composite?
False
Is 712161959 a composite number?
False
Is 993354569 a composite number?
False
Is 24398940403 a composite number?
False
Is 1550961341 composite?
True
Is 19109275111 prime?
True
Is 595181933 composite?
False
Is 423379063 a prime number?
False
Is 12230078701 composite?
False
Is 183952331 prime?
True
Is 3143949037 a composite number?
False
Is 316083149 composite?
True
Is 26031932603 composite?
False
Is 10927763761 composite?
True
Is 2419500619 composite?
False
Is 7374113993 a prime number?
True
Is 157758888799 a composite number?
True
Is 2163004397 a prime number?
True
Is 237335647 prime?
False
Is 215118749 composite?
False
Is 361949921 a composite number?
True
Is 4261021001 prime?
True
Is 4850087965 a prime number?
False
Is 2970935273 prime?
False
Is 38395344835 a prime number?
False
Is 599948831 prime?
False
Is 1429932367 composite?
False
Is 393724621 composite?
False
Is 2498329699 a composite number?
True
Is 6313773269 a composite number?
True
Is 12571715909 composite?
True
Is 22588970209 composite?
True
Is 2105647961 a composite number?
True
Is 33884731241 prime?
True
Is 7763532599 a composite number?
True
Is 256460837 prime?
False
Is 1112410151 prime?
False
Is 9514863023 composite?
True
Is 48618101633 prime?
False
Is 14806315021 composite?
True
Is 63563086027 a composite number?
True
Is 41644763 a prime number?
True
Is 123422683 prime?
True
Is 41659799707 a composite number?
True
Is 94474632181 a composite number?
False
Is 3128334137 prime?
True
Is 3833041771 a composite number?
True
Is 35895391993 composite?
True
Is 7102908707 a composite number?
True
Is 952166909 a prime number?
True
Is 1018879577 a prime number?
True
Is 27847834277 a prime number?
False
Is 330195959 composite?
True
Is 2413568603 composite?
True
Is 7425881209 composite?
True
Is 73195068997 composite?
False
Is 17473037807 prime?
True
Is 4353981659 a composite number?
False
Is 1244469817 a composite number?
True
Is 4431525799 composite?
True
Is 40467643057 a prime number?
True
Is 5748120173 composite?
True
Is 83683111 prime?
True
Is 111031818041 prime?
True
Is 19326048685 composite?
True
Is 1194838223 a composite number?
False
Is 35472323 a prime number?
False
Is 4882554137 a prime number?
False
Is 8209637081 composite?
False
Is 625683829 a composite number?
False
Is 4415942857 a prime number?
False
Is 62649797393 prime?
True
Is 1056244909 a composite number?
True
Is 232185263 prime?
False
Is 28174381 a prime number?
False
Is 2838872801 a prime number?
True
Is 13943341361 prime?
False
Is 161079883 prime?
True
Is 69315936457 a composite number?
False
Is 325533257 a prime number?
False
Is 44162225797 a prime number?
False
Is 794593273 a prime number?
True
Is 2055722107 composite?
False
Is 5033210597 prime?
True
Is 28570274809 a prime number?
True
Is 592619903 a composite number?
False
Is 26616947569 composite?
False
Is 1495582087 prime?
True
Is 18690339517 a prime number?
True
Is 2061603701 composite?
True
Is 7590145217 a prime number?
True
Is 72588517 prime?
True
Is 11575892485 a composite number?
True
Is 5429764807 a composite number?
False
Is 1246308491 a prime number?
False
Is 206746097 prime?
True
Is 265260761 a composite number?
False
Is 7575015193 a composite number?
True
Is 2823574571 composite?
False
Is 204676108147 a composite number?
True
Is 1709868929 a prime number?
True
Is 748242377 a prime number?
True
Is 7522564405 a prime number?
False
Is 46541981 a prime number?
False
Is 1130703671 composite?
True
Is 917078401 prime?
False
Is 4036632319 a prime number?
False
Is 56966183 composite?
False
Is 4169084449 a composite number?
True
Is 7073991367 prime?
True
Is 37630678963 prime?
False
Is 78082226879 composite?
False
Is 8711858341 prime?
False
Is 418658423 a composite number?
False
Is 177081887 a prime number?
True
Is 29979965793 prime?
False
Is 879964793 composite?
True
Is 498044689 composite?
True
Is 1921993867 composite?
True
Is 320320939 a prime number?
False
Is 12144475661 a prime number?
False
Is 313341191 a composite number?
False
Is 1018256809 a composite number?
True
Is 2286796111 a composite number?
False
Is 1879755637 a composite number?
True
Is 56412916723 prime?
False
Is 147483526 a composite number?
True
Is 1892031599 prime?
True
Is 1360385561 composite?
True
Is 702131 a composite number?
False
Is 5894289139 a composite number?
True
Is 3090180931 prime?
True
Is 5619225361 a prime number?
True
Is 3500796287 a composite number?
False
Is 2928281753 prime?
True
Is 127016191 a prime number?
False
Is 638592083 a composite number?
True
Is 9521957929 prime?
False
Is 654279023 a composite number?
True
Is 3329667643 composite?
True
Is 21769468727 a prime number?
True
Is 2401577069 composite?
False
Is 201657727 a prime number?
True
Is 49501265783 a prime number?
True
Is 153258752707 a prime number?
False
Is 1288426429 a composite number?
True
Is 403702883 composite?
False
Is 1284475583 a prime number?
True
Is 22038759731 a prime number?
True
Is 49214962081 a composite number?
False
Is 684519341 prime?
False
Is 98907711865 composite?
True
Is 494111603 composite?
False
Is 2017878323 a composite number?
False
Is 11806046561 composite?
False
Is 88514009 prime?
True
Is 18903279793 prime?
True
Is 189977863 a prime number?
True
Is 108587 prime?
True
Is 1654249018 composite?
True
Is 683119699 prime?
True
Is 6695421749 prime?
True
Is 5812775611 a composite number?
True
Is 467544281 prime?
True
Is 1146383878 prime?
False
Is 4225365323 composite?
True
Is 4421429213 a composite number?
False
Is 412644358783 composite?
False
Is 163085958349 a composite number?
False
Is 11796976007 composite?
True
Is 9660666253 a composite number?
True
Is 78632960999 a composite number?
True
Is 10106277019 a prime number?
False
Is 29762902937 a composite number?
False
Is 1144021343 prime?
True
Is 1754007523 prime?
False
Is 199681429 a composite number?
True
Is 265484683 prime?
True
Is 18211650747 composite?
True
Is 32554254427 a prime number?
True
Is 5539789139 prime?
True
Is 1918068037 a composite number?
False
Is 5921746507 a prime number?
False
Is 5085656414 prime?
False
Is 447047749 a prime number?
True
Is 132547127 composite?
True
Is 6239289003 prime?
False
Is 1173763699 composite?
False
Is 3859305157 a prime number?
True
Is 94807952381 prime?
False
Is 76978375913 a prime number?
False
Is 9588703517 prime?
True
Is 1575995801 composite?
True
Is 1273930153 a composite number?
True
Is 21183501 a composite number?
True
Is 390726107 composite?
False
Is 876012497 a composite number?
False
Is 1018717507 c